te number?
False
Let a(q) = 14*q**3 + 8*q**2 - 17*q + 11. Is a(8) a prime number?
False
Suppose 56*f - 586057 = 56319. Is f composite?
False
Let v(c) = 3*c**2 + 6*c + 4. Let n = 50 + -41. Is v(n) a composite number?
True
Is ((-5)/2)/(2075/346 - 6) a composite number?
True
Let w(o) = -o**3 - 6*o**2 - 4*o + 5. Let h(f) = 2*f - 39. Let s be h(17). Let k be w(s). Let c = k + 77. Is c composite?
True
Suppose i = 4*i - 2751. Let k = -200 + i. Is k a prime number?
False
Suppose -k = -5*k - 5*q + 316, -3*k = -4*q - 206. Suppose -510 + k = -4*n. Is n prime?
True
Let r = 62805 - 35812. Is r a prime number?
True
Suppose -2 = 6*v - 8. Let t be -5 + v - (-13 - -68). Let o = 26 - t. Is o a prime number?
False
Let w(y) = -1934*y**2 - 1. Let m be w(-1). Let z = m + -615. Is 3/(-12) + z/(-24) prime?
False
Let n(s) = -s**3 + 21*s**2 - 5*s - 22. Is n(17) prime?
True
Let z(y) = -25*y**3 + 15*y**2 + y - 10. Is z(-7) a prime number?
True
Let n be 4/10 - 26/(-10). Suppose -4*i - n*k + 2646 = 0, i + 6*k - 655 = 2*k. Suppose 2*a + z - i = -4*z, 5*z = 25. Is a composite?
True
Let n(s) = s**3 + 23*s + 17. Is n(16) composite?
False
Let q(h) = -h**2 - 10*h - 9. Let o be q(-6). Let n be (9/2)/(o/20). Let k(x) = 10*x**2 - 4*x + 1. Is k(n) prime?
True
Suppose 0 = 2*r + 5*a - 4*a - 23232, 2*r = -3*a + 23228. Is r a prime number?
True
Let a = 1837 + -867. Let k = a + -329. Is k a composite number?
False
Let f(n) = -3*n**2 - 3 - n - 84*n**3 + n**2 + 4. Let m(c) = -2*c**3 + 104*c**2 - 2*c + 102. Let j be m(52). Is f(j) a prime number?
False
Let g = 1871 - 3127. Is (g/10 - 1)/(2/(-10)) a composite number?
True
Let s be 1/2 + (-1849)/(-2). Suppose x + 5*o - s = -4*x, -181 = -x - 3*o. Suppose 3*w - 3*d - x = -5*d, 0 = -w - 3*d + 74. Is w prime?
True
Let h(x) = 3*x**3 + 22*x**2 - 55*x - 13. Is h(20) a prime number?
True
Suppose 0 = -39*d + 103092 + 26661. Is d a prime number?
False
Let u be 3/5 - 21/(-15). Suppose -5*c = -u*c + 60. Let y = c + 41. Is y prime?
False
Suppose -3*x + 12 = -2*x. Suppose 4*a = 2*o - 6*o + x, -2*o = -4*a + 12. Suppose o = -10*u + 15*u - 35. Is u a prime number?
True
Suppose 3*v - 9626 + 3077 = 0. Is v composite?
True
Suppose -4*v - u = -127, 2*v - 2*u = u + 53. Let a = v - 20. Is a a prime number?
True
Suppose -4*f = 2*z - 2730, 2*f - 4*f - 5*z + 1345 = 0. Suppose 2*t = 1829 + f. Is t a composite number?
True
Suppose 142595 + 233753 = 4*a. Is a prime?
False
Suppose -2*n = -0*w - 2*w - 89880, 0 = -5*n - w + 224688. Is n a composite number?
True
Suppose 0 = 2*v + 2*w - 10, -4*v + w - 4*w + 19 = 0. Suppose 2*h = -2*q + v*h + 934, -h = 4. Is q prime?
True
Suppose 1662594 = 41*y + 410905. Is y composite?
False
Let j(z) = -333*z + 3. Let d be j(-8). Suppose t + d = 4*t. Is t a prime number?
False
Suppose 3386 = 5*g - 209. Suppose -4*a + 53 = -4*x - g, -388 = -2*a + 3*x. Is a prime?
True
Let j be (-3 - -4)*(-83 - -1). Let l = 134 + j. Suppose -2*i + 54 = -l. Is i prime?
True
Suppose -n + 8 = 11, 4*n = 2*t - 2186. Is t a prime number?
True
Let c(t) = t**3 + t**2 + 6*t - 3. Let h(b) = b**3 + 2*b**2 + 6*b - 3. Let m(r) = -5*c(r) + 6*h(r). Let f be m(-6). Is (23 - 9)*f/(-2) prime?
False
Suppose -o = -3*s + 4*o + 44, 0 = -3*o - 12. Suppose -12 = -s*g + 36. Let a(v) = 6*v**2 - 11*v - 7. Is a(g) a composite number?
True
Let f(i) be the third derivative of -31*i**6/360 - i**5/120 + 7*i**4/24 - 8*i**2. Let j(n) be the second derivative of f(n). Is j(-3) a prime number?
False
Let p = 19409 - 11350. Is p prime?
True
Suppose 4*h + 20 = -0*h. Let l(w) = 2*w + 10. Let m be l(h). Suppose m*f + 2*f - 634 = 0. Is f composite?
False
Let g = 48 - -194. Suppose o + 10 = 4*f, 4*o + 12 = f - o. Suppose f*v - 712 = -g. Is v composite?
True
Let j(w) = 454*w - 1. Let g be j(7). Suppose v + g = 4*v. Suppose -2*h + 1781 = 5*u, -u + v = 2*u - 2*h. Is u a composite number?
True
Let p(o) = 9*o**2 + 5*o + 5. Let t be p(6). Suppose 2*v - 2 = 0, 3*w + w + 3*v - t = 0. Let y = w + 326. Is y a prime number?
False
Let a = 370 - 98. Let m = a + -109. Is m a composite number?
False
Let s be ((-8)/14)/((-7)/49). Is (0 - 2) + -1 + s + 5508 a prime number?
False
Suppose -3*l + 2134 = 2*v - 1122, -4338 = -4*l - 2*v. Is l a composite number?
True
Let l = 20 + -23. Let r be (-9)/l + -1 - 4. Is r - ((1 - 122) + 1) a prime number?
False
Let x(l) = -l**3 - 31*l**2 + 32*l + 4. Let k be x(-32). Suppose -4*u - 16 = 0, -c = u - 961 - 455. Suppose 0 = -k*n - 0*n + c. Is n prime?
False
Let l(d) = -575*d + 56. Is l(-5) prime?
False
Suppose 415233 = 16*p - 140591. Is p a prime number?
True
Suppose 4*n + 19 = 5*j - 5, -5*j - n = -19. Suppose -5*d - 208 = -j*v, 5*v - 4*d - 75 = 176. Let h = -26 + v. Is h a composite number?
True
Let j = 8331 - 5182. Is j prime?
False
Suppose 0 = -5*w + 66 - 11. Suppose w*k - 17449 + 630 = 0. Is k a composite number?
True
Is (-8 - (-208792)/16)*2 composite?
False
Let q = 26 + -24. Suppose -q*d = -0*d - 3694. Is d prime?
True
Let j(k) = 3*k - 8. Let a be j(-9). Is 5328/7 - (-5)/a prime?
True
Suppose -r = -17*r + 93392. Is r a prime number?
False
Let x be 1 - 6/7 - (-2496)/21. Suppose -x*w - 777 = -122*w. Is w a composite number?
True
Let r(t) = -24*t**2 + 3*t - 6. Let j(a) = -23*a**2 + 4*a - 5. Let c(s) = 4*j(s) - 5*r(s). Is c(-3) a prime number?
False
Let c(t) = 80*t**2 - 92*t - 103. Is c(-26) a composite number?
False
Suppose -81*m + 411525 + 2709 = 0. Is m a composite number?
True
Suppose 0 = -140*p + 142*p - 17156. Is p a composite number?
True
Let i(j) = 33*j - 4*j - 3*j. Let y be i(3). Let w = y + -43. Is w a composite number?
True
Let d be 66*23 - 4/4. Let h = d + -400. Is h composite?
False
Suppose -3*j - 4*p = -7*p - 21747, -2*j + 14498 = 3*p. Is j composite?
True
Is (-30)/(-5) - -4188 - -1 - -6 composite?
False
Let d(w) = w**3 - 9*w**2 + w + 11. Let c(x) = -x**2 - 9*x + 10. Let y(l) = 6*l**2 + 46*l - 50. Let g(h) = 11*c(h) + 2*y(h). Let b be g(7). Is d(b) prime?
False
Suppose -4*g + 5*f = -7, -3*g = -9*f + 14*f - 49. Let m = 20 + -5. Let k = m - g. Is k composite?
False
Let y = -39445 - -97988. Is y composite?
False
Suppose 6042 = w - 7428. Suppose -5*m = m - w. Is m a composite number?
True
Let a(s) = s**3 + 10*s**2 - 7*s + 6. Let d be a(-9). Suppose 414 = 2*j + 2*o - d, 0 = -2*j + o + 573. Suppose 3*y - 132 - j = 0. Is y composite?
False
Let i = 203 + -18. Suppose 0 = -3*a - 2*a + i. Is a composite?
False
Let m = 35 - 32. Let j = 62 - m. Is j a composite number?
False
Suppose 201*y = 206*y - 104015. Is y prime?
False
Suppose p = x - 3*p + 8, -4*x + 2*p - 4 = 0. Suppose l - 3*g - 80 = x, l + 3*g - 8 = 42. Is l a composite number?
True
Let q be (-19*(1 + 0))/(20/(-320)). Suppose l + 2*u = -l + q, -5*l + 757 = 4*u. Is l prime?
True
Let z = 13812 - 2221. Is z a prime number?
False
Let j = -15763 + 29574. Is j composite?
True
Let x(n) = 2841*n**2 + 2. Is x(1) a prime number?
True
Let t(z) = -76*z + 11. Let v be t(-6). Let m = -256 + v. Is m composite?
False
Let h = -24 + 26. Suppose -h*s = -5*s - 54. Is 99/s*4/(-2) a prime number?
True
Suppose 4*i = -0*i. Let g be (-5 - -7)*(-4 + i). Is g/2*(-801)/12 prime?
False
Suppose 104*d = 100*d + 9628. Is d prime?
False
Let q(p) = 1248*p**2 - 3*p - 2. Let f = 94 - 95. Is q(f) prime?
True
Let k be (2/(-3))/(4/6). Let f = 3 + k. Suppose 2*u - 196 = -f*j, -6*j + 4*u + 360 = -2*j. Is j composite?
True
Suppose 75*y = 67*y + 47848. Is y composite?
False
Suppose -20*n = -12*n - 22216. Is n a composite number?
False
Suppose 4*x = -2*b + 48, 2*b + 53 = 3*x + 10. Suppose -x*u - 8864 = -29*u. Is u prime?
False
Let p(y) = -1380*y**3 - 5*y**2 - 3*y - 21. Is p(-3) prime?
False
Let r(m) = 5*m**2 - 15*m + 7. Suppose 9*i = -2*i + 121. Is r(i) a composite number?
True
Suppose 20 = 15*z - 11*z. Suppose 973 = 5*r - 4*u + 394, -z*r + u + 591 = 0. Is r a prime number?
False
Let a(i) = 6*i - 10. Let r be a(12). Let d = 29 - r. Is 6/d + (-1161)/(-33) a prime number?
False
Let y(u) = 7*u**2 + 10*u - 3. Let o(q) = -q**2 - 1. Let k(i) = 6*o(i) + y(i). Is k(-12) composite?
True
Suppose -5*y - 4*s - 2 + 8 = 0, 2*s - 8 = -5*y. Suppose -2*f - y*f = -8. Is ((-4)/f)/((-2)/149) composite?
False
Suppose 0 = 3*o - 445 + 43. Suppose -o = -k + 237. Is k prime?
False
Let z(a) = 73*a + 2. Suppose -2*b - 5*l - 4 = 5, 5*b = -5*l. Is z(b) a prime number?
False
Let w(i) = -259*i